False
Let p(j) = -j**2 + 1. Let o(h) = -3*h**2 + 20*h + 42. Let l(v) = o(v) - 5*p(v). Is l(-15) a composite number?
True
Let q = -15 + 12. Let v be -4 + (-3)/(-3) - q. Suppose 4*i + 61 = r, 3*r = -v*i - i + 144. Is r prime?
False
Let r(x) = 1543*x + 23. Is r(2) composite?
False
Let k be 0 - 1 - (-8 - 2). Suppose -13*w = -k*w - 484. Is w a prime number?
False
Let u be 785 + 39 + 2/(2/2). Suppose -331 = -x + 3*o, 4*x = -2*o + 498 + u. Is x composite?
False
Let l(u) = 11*u**2 + 5*u - 11. Let c be l(-5). Let h = c + 83. Let b = h - 200. Is b a composite number?
True
Let o(g) be the third derivative of g**5/10 - g**4/8 - 5*g**3/6 - 8*g**2. Let h be o(-2). Suppose 3*s - 67 = -h. Is s a prime number?
False
Suppose 3*k + 10470 = 3*f, -4*f - 10*k + 5*k = -13969. Is f prime?
True
Let y(h) be the second derivative of -h**3/6 + 11*h**2/2 - 6*h. Let f be y(9). Suppose -2*r - f = 0, -3*j + 804 = -r + 4*r. Is j a prime number?
True
Suppose 4*x = 2*t + 684 + 3132, -3814 = -4*x + 3*t. Is x prime?
False
Let d = -1 - -4. Suppose 4*y - d*u + u - 540 = 0, 0 = -2*u - 8. Let o = y + -94. Is o a composite number?
True
Let l = -457 + 1099. Let t = 1719 - l. Is t a prime number?
False
Suppose -3*b - 3*a = -8*a - 17, -4*b = -2*a - 18. Suppose 3*m = x - 199, b*x = -3*m + 203 + 533. Is x prime?
False
Let i = 421 - -108. Is i a composite number?
True
Let x(g) = -484*g - 1. Suppose -5*w + 5 = -0*v - 5*v, -5 = 3*v - w. Is x(v) prime?
True
Let g be 5 + -1 - (2 - 3). Suppose 142 + 54 = c. Let y = c - g. Is y a prime number?
True
Suppose 129536 = 17*u + 32007. Is u composite?
False
Is (34856/12)/(3 - (-35)/(-15)) composite?
False
Suppose 107*x - 41948 = 103*x. Is x prime?
True
Let m = 127039 - 74378. Is m composite?
True
Suppose 1146 = 8*g + 9946. Let h = -589 - g. Is h a prime number?
False
Let n(o) be the first derivative of o**2 + 16*o + 3. Let v be n(0). Is v/20*(-925)/(-10) a composite number?
True
Suppose 0 = 3*m - 5 - 10. Suppose 0 = -5*c - m*o + 8450, -3*o - 2*o + 3374 = 2*c. Suppose -363 + c = 3*x. Is x a prime number?
True
Let o be (0 - 3/(-3))*(4 + -1). Suppose 2*d - 10757 + 408 = -o*j, -2*d = 10. Is j a prime number?
False
Let a(k) = 160*k**2 + 4*k + 1. Let f be a(2). Let b = f + -450. Is b composite?
False
Let d(v) = 31*v**3 + 9*v**2 - 14*v + 19. Is d(5) a prime number?
True
Is 8 + -8 + (2203 - 0) composite?
False
Is (52/208)/((-1)/(-196216)) a prime number?
False
Let z be (-202)/(-8) + (22/(-8))/11. Let s = z + 102. Is s a composite number?
False
Let p be (1790/(-15))/(1/(-3)). Let i = p + 223. Is i composite?
True
Let i(g) = -g + 18. Let q be i(11). Suppose -q*o - 56 = -3*o. Is (30/(-9))/(o/609) prime?
False
Let u be 4/(37/(-357) + (-6)/(-42)). Suppose -8 = -4*h - d, 0 = 2*h + h + 3*d + 3. Suppose 3*r - 2*y = 1507, 3*y + 1614 - u = h*r. Is r a prime number?
True
Let t(x) = -x + 7. Let o be t(3). Let r be 10/(-1*(-8)/o). Suppose -r*w = -6*w + 109. Is w a prime number?
True
Let c(o) = o**3 - 8*o**2 + 7*o. Let s be c(7). Suppose 2*d = -h - 4*h + 395, s = -d. Suppose r - 27 = h. Is r a prime number?
False
Let b = 5658 + -2497. Is b a prime number?
False
Let r(l) = -29*l + 4. Suppose -4 + 20 = 4*h. Suppose h*b - 26 = 2*j, j + 3*b = 7*b - 21. Is r(j) prime?
True
Let l(t) = 53*t - 34. Let p(f) = 26*f - 17. Let y(z) = -3*l(z) + 5*p(z). Is y(-6) a composite number?
False
Let r(o) = 2*o**3 + o**2 - 3*o + 3. Let z be r(1). Suppose -2*k + 6576 = 2*q, z*k - k - 2*q - 6572 = 0. Is k composite?
True
Suppose -4*h = -n + h - 5, -5*h - 25 = 5*n. Let k(q) = q**3 - q**2 - 6*q - 1. Let u be k(n). Let o = 12 - u. Is o a prime number?
False
Let c = 2138 - 121. Is c prime?
True
Is 6/10 + -4 + 324224/85 prime?
False
Let g be -1 - 8/((-8)/4). Suppose 2*t - 4*f = 4654, g*t - 6951 = -0*t - 4*f. Is t prime?
False
Is ((-2)/(-10)*-38452)/((-4)/10) composite?
True
Let k(u) = -u - 9. Let w(a) = -a**2 + 11*a + 1. Let m be w(12). Let y be k(m). Suppose -y*j = 5*f - 184, 4*j - f - 3*f = 396. Is j composite?
False
Let c(a) = 5*a - 7. Let f be c(4). Suppose f*d - 9*d - 644 = 0. Is d prime?
False
Let x(s) = s**2 - 6*s - 11. Let d be x(9). Let i = d - 8. Is (114/i)/(1/4) prime?
False
Let s be 6/15 - -3*3/15. Is (2942/4)/(s - (-2)/(-4)) composite?
False
Is (-293677)/(-11 - (-3 - 7)) prime?
True
Let d be 2 - (-3*99 + 2). Suppose t - d - 601 = 0. Is t a prime number?
False
Let h(n) be the third derivative of -n**5/60 + 9*n**3 + 2*n**2. Let l be h(0). Suppose 3*s - l + 9 = 0. Is s prime?
False
Let k(l) = -l**3 - 3*l**2 + 9*l + 3. Let v be k(-4). Let m = 21 + v. Suppose 2*u + 290 = m*u. Is u composite?
True
Let u(x) = -11216*x - 19. Is u(-1) a prime number?
True
Let n(g) = 2*g**2 - 5*g + 4. Let c be n(2). Let m be (-164)/(c*1/(-4)). Suppose 3*v = 1321 - m. Is v prime?
True
Suppose 0 = -3*x + x - 2. Let n be 784*9*x/(-6). Suppose 2*s - 2*t - n = 0, -2*s + 3*t - 2*t = -1171. Is s a composite number?
True
Suppose -2755 = -8*s + 421. Is s a composite number?
False
Let u(o) be the first derivative of -124*o**2 + o + 4. Let i be u(-1). Suppose 6*m = 7*m - i. Is m a composite number?
True
Let i be (-556 - 3/(-1))*-1. Suppose 0 = x - 4*c + i, -4*x + c = x + 2746. Let t = -292 - x. Is t a prime number?
True
Suppose -7*o - 43345 = -416550. Is o composite?
True
Let w(c) = 2*c**2 - 2*c - 3. Let m be w(-2). Let f(k) be the first derivative of k**4/4 - k**3 - 13*k**2/2 + 4*k - 17. Is f(m) composite?
False
Let u be (-12)/(-18)*((-1 - -3) + -782). Let j = 2778 + u. Is j composite?
True
Let x = 22568 - 2495. Is x a composite number?
True
Suppose 26*z = 11*z + 9495. Is z a prime number?
False
Suppose -8*j + 9 + 15 = 0. Suppose 0 = -g - 2*q - 0*q + 623, j*q + 2437 = 4*g. Is g a prime number?
True
Let n(a) = 3*a**2 + 2*a + 6. Let i be n(-3). Let k = -23 + i. Suppose -5*q - h - h = -269, 5*h = k*q - 202. Is q composite?
False
Suppose 4*l + 2*l = 24. Let s be (12/20)/(1/5). Suppose -s*v - 556 = -4*g + 52, l*g - 600 = 5*v. Is g a composite number?
True
Let i = -7763 + 13512. Is i a prime number?
True
Let f(x) = -1079*x**3 - x**2 - 4*x - 3. Is f(-1) a prime number?
False
Suppose -56771 = -38*g + 25*g. Is g a prime number?
False
Suppose -g - 4*g - 55 = -4*c, 0 = 3*c + 5*g - 15. Let j be (3 + (-35)/c)*-6. Suppose 4*s - j*k - 3495 + 637 = 0, 0 = -4*k - 8. Is s a prime number?
False
Suppose s - 3 = -2*s. Suppose -2*l - 2*w + 14 = -5*l, s = -l - 3*w. Is (-32)/(-2) + (-1 - l) composite?
False
Let h(j) = 105*j**2 + j + 13. Is h(-3) prime?
False
Let t(d) = 3*d + 19. Let g be t(-6). Let q be (4 - g) + 1 - 2. Suppose 2*b - 126 = -i, -3*i - 5*b + 380 = -q. Is i a composite number?
True
Suppose -5*q + 9 = -11. Suppose -l = -3*d + 1436, 4*d - 999 - 905 = q*l. Suppose -4*x + d = 4*c, -2*x + c = 3*x - 606. Is x a composite number?
True
Let n be -1 + (72/8)/(1/33). Let z = 829 - n. Is z prime?
False
Suppose -11*x = -5*x - 1194. Suppose 2*c - x = 817. Suppose 3*n - 3*u + c = 5*n, 4*n - 1032 = 2*u. Is n a composite number?
False
Let l be 9/45 + 19/5. Is -34*l/16*-46 prime?
False
Suppose 4*z = -3 - 1. Let w be (10 - 7) + -2 + z. Suppose w = -5*i + 1461 + 764. Is i prime?
False
Let g = -30 - -25. Is 419*(-1)/(5/g) a composite number?
False
Suppose 32 = 7*y + 4. Suppose y*i = -i + 2330. Is i composite?
True
Suppose -4 = 2*g - 3*g. Suppose 0*p - g*p + 1024 = 0. Suppose 178 = 2*s - 4*z, -4*s + 2*z + 82 = -p. Is s a prime number?
True
Let g(u) be the third derivative of u**5/12 + 17*u**4/24 + u**3/6 + 8*u**2 - 3. Is g(-14) composite?
False
Suppose 17*x = 76*x - 230513. Is x prime?
True
Let v(g) = 28*g**2 - 6*g + 4. Let q be v(-3). Suppose -q = -3*c + 1277. Is c prime?
False
Suppose 0*h + 4676 = -4*h + 4*f, 2*f = -2*h - 2326. Let o = -2280 - h. Let z = 1791 + o. Is z a composite number?
False
Let o(a) = 54*a - 1. Suppose 0*p + 4*p + 4 = 0. Let q be (1 + -3 + 1)/p. Is o(q) composite?
False
Suppose 0 = 2*v + 1859 - 9793. Is v a prime number?
True
Let t = -38 - -37. Is t/3 - (-29556)/54 a prime number?
True
Suppose 4*p - 25 + 9 = 0. Suppose 4*u + u + d - 4322 = 0, 3463 = p*u - d. Is u composite?
True
Let b be 158/12 - 16/96. Let y(x) = -x**3 + 14*x**2 + 9*x + 13. Let r be y(b). Suppose -146 = -5*z + r. Is z a composite number?
False
Suppose -d + 1825 = w, -39*d = -35*d + 16. Is w a prime number?
False
Suppose -9*k = -10*k - 9. Is (5/2)/(k/(-738)) - 2 a 